{"id":780,"date":"2020-06-02T21:01:56","date_gmt":"2020-06-02T21:01:56","guid":{"rendered":"http:\/\/mepregion28.org\/?page_id=780"},"modified":"2020-06-02T21:40:30","modified_gmt":"2020-06-02T21:40:30","slug":"apoyo-para-la-graduacion-de-los-alumnos-de-preparatoria-y-preparacion-para-la-post-secundaria","status":"publish","type":"page","link":"https:\/\/mepregion28.org\/index.php\/graduacion\/apoyo-para-la-graduacion-de-los-alumnos-de-preparatoria-y-preparacion-para-la-post-secundaria\/","title":{"rendered":"Apoyo para la graduaci\u00f3n de los alumnos de preparatoria y preparaci\u00f3n para la Post-Secundaria"},"content":{"rendered":"\n<div class=\"wp-block-image\"><figure class=\"alignright is-resized\"><img loading=\"lazy\" decoding=\"async\" src=\"http:\/\/mepregion28.org\/wp-content\/uploads\/2020\/06\/image7-1024x768.png\" alt=\"\" class=\"wp-image-808\" width=\"400\" height=\"384\"\/><\/figure><\/div>\n\n\n\n<div class=\"wp-block-image\"><figure class=\"alignright is-resized\"><img loading=\"lazy\" decoding=\"async\" src=\"http:\/\/mepregion28.org\/wp-content\/uploads\/2020\/06\/image18-1024x768.png\" alt=\"Graduaci\u00f3n y Post-Secundaria\" class=\"wp-image-811\" width=\"400\" height=\"384\"\/><\/figure><\/div>\n\n\n\n<p>Empezando en la segunda mitad del 8\u00ba grado, se hace un acompa\u00f1amiento regular de los estudiantes con la familia y en la escuela, de forma individual, en peque\u00f1os grupos, y en eventos de gran grupo. Se ayuda a alumnos y familias a entender la documentaci\u00f3n y el sistema educativo de Estados Unidos, los trucos para tener \u00e9xito en la Preparatoria, y los requisitos de graduaci\u00f3n. Se ofrecen referencias a recursos en la escuela, el distrito y la comunidad, as\u00ed como refuerzo acad\u00e9mico en casa y en l\u00ednea.<\/p>\n\n\n\n<p>Para los adolescentes en los dos \u00faltimos cursos de Preparatoria, se ayuda a explorar las diferentes opciones de post-secundaria y escoger las que se adaptan mejor a la personalidad y los talentos del estudiante. Se ofrece informaci\u00f3n sobre el proceso para ingresar en la universidad, preparar ex\u00e1menes, o pedir ayuda financiera. Se da apoyo a los estudiantes a la transici\u00f3n a la vida tras la secundaria, incluyendo conocimientos financieros.<\/p>\n\n\n\n<ul class=\"wp-block-list\"><li>Revista <a href=\"https:\/\/issuu.com\/ecmc_outreach\/docs\/2019-2020-or-opps-book-sp?e=37426815\/73537822\"><strong>Oportunidades<\/strong><\/a> y revista<strong> <\/strong><a href=\"https:\/\/www.qualityinfo.org\/documents\/10182\/33976\/Oregon+Carreras+2020?version=1.16\"><strong>Carreras<\/strong><\/a><\/li><\/ul>\n\n\n\n<p>Recursos: <a href=\"https:\/\/oregonstudentaid.gov\/\"><strong>OSAC<\/strong><\/a>, <a href=\"https:\/\/www.ecmc.org\/students\/index.html\"><strong>ECMC<\/strong><\/a>, <a href=\"https:\/\/www.collegeboard.org\/\"><strong>The College Board<\/strong><\/a><strong>, <\/strong><a href=\"https:\/\/www.aspireoregon.org\/home\"><strong>ASPIRE<\/strong><\/a><strong>, <\/strong><a href=\"http:\/\/oregongoestocollege.org\/\"><strong>Oregon Goes to College<\/strong><\/a>, <a href=\"https:\/\/oregongearup.org\/students\"><strong>Oregon Gear Up<\/strong><\/a><strong>, <\/strong><a href=\"https:\/\/elevatelanecounty.org\/\"><strong>Elevate Lane County<\/strong><\/a><\/p>\n","protected":false},"excerpt":{"rendered":"<p>Empezando en la segunda mitad del 8\u00ba grado, se hace un acompa\u00f1amiento regular de los estudiantes con la familia y en la escuela, de forma individual, en peque\u00f1os grupos, y en eventos de gran grupo. Se ayuda a alumnos y familias a entender la documentaci\u00f3n y el sistema educativo de Estados Unidos, los trucos para [&hellip;]<\/p>\n","protected":false},"author":2,"featured_media":0,"parent":269,"menu_order":3,"comment_status":"closed","ping_status":"closed","template":"","meta":{"footnotes":""},"class_list":["post-780","page","type-page","status-publish","czr-hentry"],"_links":{"self":[{"href":"https:\/\/mepregion28.org\/index.php\/wp-json\/wp\/v2\/pages\/780","targetHints":{"allow":["GET"]}}],"collection":[{"href":"https:\/\/mepregion28.org\/index.php\/wp-json\/wp\/v2\/pages"}],"about":[{"href":"https:\/\/mepregion28.org\/index.php\/wp-json\/wp\/v2\/types\/page"}],"author":[{"embeddable":true,"href":"https:\/\/mepregion28.org\/index.php\/wp-json\/wp\/v2\/users\/2"}],"replies":[{"embeddable":true,"href":"https:\/\/mepregion28.org\/index.php\/wp-json\/wp\/v2\/comments?post=780"}],"version-history":[{"count":5,"href":"https:\/\/mepregion28.org\/index.php\/wp-json\/wp\/v2\/pages\/780\/revisions"}],"predecessor-version":[{"id":822,"href":"https:\/\/mepregion28.org\/index.php\/wp-json\/wp\/v2\/pages\/780\/revisions\/822"}],"up":[{"embeddable":true,"href":"https:\/\/mepregion28.org\/index.php\/wp-json\/wp\/v2\/pages\/269"}],"wp:attachment":[{"href":"https:\/\/mepregion28.org\/index.php\/wp-json\/wp\/v2\/media?parent=780"}],"curies":[{"name":"wp","href":"https:\/\/api.w.org\/{rel}","templated":true}]}}